isor of 8 and t.
8
Let c(f) = f**2 + 3*f - 6. Let b be c(-5). Let d = -7 + 4. Let i = 5 + d. Calculate the highest common factor of b and i.
2
Suppose 0 = -5*u - a + 221, -4*u - u - 4*a + 209 = 0. Calculate the greatest common factor of 9 and u.
9
Let g = 28 - 26. Calculate the highest common divisor of 4 and g.
2
Suppose 0 = 7*a + 5*a - 3300. What is the greatest common factor of 25 and a?
25
Let j = 38 + -8. Calculate the highest common factor of 6 and j.
6
Let v = -173 + 257. Suppose 0 = 4*s - 2*g + 4*g - 56, 3*s - 2*g = 28. What is the highest common factor of s and v?
12
Let l = -5 + 9. Let q be (4 + (16 - 4))*1. Calculate the highest common factor of l and q.
4
Let f = 105 - 103. Calculate the highest common divisor of f and 8.
2
Let v be (-9)/(-15) + 2 + 82/5. What is the greatest common factor of v and 38?
19
Let m(v) = 27*v - 3. Let d be m(3). What is the greatest common factor of d and 52?
26
Let t(c) = 3*c**2 - 8*c - 16. Let z be t(-2). Calculate the greatest common divisor of z and 36.
12
Suppose -10*u = -27 - 43. What is the highest common divisor of 14 and u?
7
Let x = 218 + -116. Let r = -54 + x. Calculate the greatest common factor of r and 12.
12
Let l be (71 - 4)*(-2)/(-2). Let c = -43 + l. Calculate the highest common factor of 36 and c.
12
Suppose -22*m + 2*m = -40. Suppose 3*r = -5*i + 54, -4*i = i + 4*r - 52. Calculate the highest common factor of m and i.
2
Suppose -3*u - 5 + 11 = 0. Suppose 2*j + 178 = u*s - 36, -3*s + 2*j = -324. What is the highest common factor of s and 10?
10
Suppose -5*y + 212 = -193. Let o = 25 + -16. What is the greatest common divisor of o and y?
9
Let x = -447 - -629. Calculate the highest common divisor of 26 and x.
26
Suppose 1 = 2*b + 3*g - 6, 5*b - 8 = 2*g. Calculate the highest common divisor of b and 2.
2
Let k be 25/10 - (-1)/(-2). Let r = 6 - k. Suppose l + 165 = r*l. What is the greatest common divisor of 11 and l?
11
Let v(u) = u. Let r(d) = 4*d - 4. Let n(o) = 2*r(o) - 6*v(o). Let i be n(7). Calculate the highest common divisor of i and 6.
6
Suppose 2*r - 151 - 169 = 0. Suppose 5*m = r - 50. Let i = m - 4. What is the greatest common divisor of 12 and i?
6
Let l(o) = 2*o**3 + o**2 + o - 4. Let b be l(2). What is the highest common factor of b and 45?
9
Suppose 3*v - 78 = -3. Let a = -17 + v. What is the highest common factor of a and 72?
8
Let g(n) = 20*n + 48. Let q be g(6). What is the greatest common factor of 24 and q?
24
Let j = 33 + -13. Let s be (168/(-10))/((-6)/j). What is the highest common factor of s and 14?
14
Let a be (-1)/(-2) + (-36)/(-8). Suppose 333 = 3*v + 4*k, 245 = v + v - a*k. Let g = v + -19. What is the greatest common factor of g and 12?
12
Let c = 27 + -24. Calculate the highest common divisor of 1 and c.
1
Let o(f) = -f**2 - 2*f. Let i be o(-2). Suppose 2*m + 3*u - 74 = -u, i = -4*m + u + 103. What is the greatest common factor of 9 and m?
9
Let q(l) = l**2 + 2*l + 1. Let r be q(-3). Let w(y) = -y + 26. Let x be w(14). What is the greatest common divisor of x and r?
4
Suppose -5*h - 11 + 1 = 0. Let p be h/6 + (-14)/(-6). Calculate the greatest common divisor of 1 and p.
1
Let h be 4 + (-7)/((-14)/48). What is the highest common divisor of 196 and h?
28
Let d(r) = -r + 8. Let s be d(-5). Calculate the highest common divisor of s and 104.
13
Let h = -45 - -64. Let l be -1*(12 + (-6)/3). Let b = l + h. Calculate the highest common divisor of b and 18.
9
Suppose z - 4*z + 3 = 0, 11 = -2*k + z. Let v = -3 - k. Suppose 3*n - 60 = -3*j, -2*n + 5*j + 28 = n. What is the highest common divisor of v and n?
2
Let j(f) = f**3 - 5*f**2 - 9*f - 15. Let u be j(7). Calculate the greatest common factor of u and 320.
20
Let g(k) = 2*k**2 + 8*k + 3. Let t be g(-5). Calculate the highest common factor of t and 104.
13
Suppose 2*g = -g + 144. Let z(p) = p**2 - 5*p + 8. Let v be z(9). Let t = v + -28. What is the highest common factor of g and t?
16
Let f = -116 + 170. Calculate the greatest common divisor of 27 and f.
27
Suppose -2*s + 594 = -0*s. Let j be s/4 + 3/(-12). Suppose 2*l - j = -8. Calculate the highest common factor of 22 and l.
11
Let j be ((-22)/12 - -2) + (-569)/(-6). What is the highest common divisor of j and 19?
19
Let l be 16/24 - 13/(-3). Suppose 4*s = l*f + 290, -f - 276 = -4*s - 3*f. Calculate the highest common divisor of s and 10.
10
Suppose i = -5*w + 25, -3*w + 4*i - 4 = w. Suppose -w*y = -3*y + 20. Let u be y/(2 + -1 + -3). Calculate the highest common divisor of 15 and u.
5
Let x = -28 - -40. Calculate the greatest common factor of 108 and x.
12
Let i = -19 - -34. What is the highest common factor of 210 and i?
15
Suppose -3*w - 60 = -2*s, -w = -4*s + 15 + 115. Calculate the highest common factor of 22 and s.
11
Let o(f) be the second derivative of -f**3/3 + f**2/2 + 4*f. Let q be o(-4). What is the highest common factor of q and 72?
9
Suppose 2*y + 2*y = 0. Let d(v) = v + 4. Let f be d(y). What is the greatest common divisor of f and 20?
4
Suppose 3*s - 3 = 3*l, -4*s - 2*l = -2 + 4. Suppose o = -s*o + 242. Calculate the greatest common factor of 22 and o.
22
Suppose u + r - 33 = 0, 2*r = -4*u - r + 130. What is the highest common divisor of 31 and u?
31
Suppose -2*p = 5*q - 0*p - 26, 0 = 2*q - 4*p + 4. Suppose 0 = -5*x + 5*m + 25, q*m + m - 38 = -4*x. What is the highest common divisor of x and 7?
7
Suppose 2 + 4 = 2*k + 2*h, 0 = 3*k - 5*h - 9. What is the greatest common divisor of k and 15?
3
Suppose -3*c - c - 2*y + 22 = 0, -3*c + 18 = y. Let x = 1 + 6. What is the greatest common factor of c and x?
7
Suppose 0 = 7*g - 3*g + 140. Let s = g + 63. Calculate the greatest common divisor of s and 7.
7
Suppose -4*f + 61 + 99 = 3*z, -3*f + z = -120. Calculate the greatest common factor of f and 5.
5
Suppose c - 1 + 7 = 0. Let z(j) = -j**3 - 7*j**2 - 7*j - 8. Let d be z(c). Let v be (-296)/(-10) - d/5. What is the highest common factor of 45 and v?
15
Let a(n) = -28*n - 6. Let r be a(-6). What is the highest common divisor of 18 and r?
18
Let x = 278 - 33. Calculate the greatest common divisor of x and 98.
49
Let n = 27 - 17. Let d be (8/10)/(1/n). Suppose -5*w + 38 = d. Calculate the highest common divisor of w and 2.
2
Let t(q) = q**2 - 4*q - 6. Let g be t(6). Suppose -n - 1 = 2*n + i, -4*n + i - 6 = 0. Let p = 41 - n. What is the greatest common factor of g and p?
6
Suppose -2*s + 7*s = 65. Let i = 71 + -32. Calculate the highest common factor of i and s.
13
Let l(a) = -a**3 + 5*a**2 + 15*a + 12. Let h be l(6). What is the highest common divisor of 33 and h?
33
Let h be 1*(-10 - 0)*1. Let v be (4/h)/(1/(-20)). Let w be 9/(-12) - (-118)/v. Calculate the greatest common factor of 14 and w.
14
Let c(m) = 6*m. Let b be c(-2). Let i = 7 + b. Let a be (i/10)/((-1)/6). Calculate the highest common factor of 18 and a.
3
Let c be -18*(3 - (-19)/(-3)). Let b(a) = 6*a. Let y(h) = h + 2. Let g be y(0). Let n be b(g). Calculate the highest common factor of c and n.
12
Let i be 1/((-15)/63)*-5. Let r(p) = p**2 + 3*p - 4. Let h be r(-6). What is the highest common factor of h and i?
7
Let p = 573 - 309. What is the highest common divisor of p and 24?
24
Let v = 26 - -84. Calculate the highest common factor of 10 and v.
10
Let y be 2/(3 + (-42)/15). Let k(v) = v - 1. Let a be k(3). Calculate the highest common divisor of y and a.
2
Let l(k) = 22*k - 24. Let v be l(10). Suppose 5*w + 51 = 2*c, -2*c - 4*w + 144 = 3*c. Calculate the greatest common factor of v and c.
28
Suppose -2*b + 35 = 3*v, v - 2*v - 2*b = -9. Let i be -35*((-4)/(-5))/(-1). Let s = i - 15. What is the greatest common divisor of s and v?
13
Let b be (0/(-1))/(1 - -1). Suppose w - 5*p - 74 = -4, -2*w + 3*p + 126 = b. Calculate the highest common divisor of w and 24.
12
Let c be 2/(-4) + 30/4. Let x be (-15)/(-3) + 9 - 7. Calculate the greatest common divisor of x and c.
7
Let g = -415 + 665. Suppose -3*t = -943 + g. Suppose 5*w + 0*w = 105. What is the greatest common divisor of t and w?
21
Suppose n - 2*q = 276, -n - 5*q + 181 = -109. Calculate the highest common factor of n and 40.
40
Let k = 11 + -6. Let w = 6 - k. What is the greatest common factor of 2 and w?
1
Let f(h) = h + 24. Let n be f(0). What is the highest common factor of n and 60?
12
Suppose -5*t - o + 12 = 0, -o + 9 = -2*t - 6*o. 